tors of 2/6 + 0 + (-2332)/(-6).
389
List the prime factors of (-1 - -6) + 2 + 939 + 13.
7, 137
Suppose -4*d - 5*a + 11 = 0, -2*d = -4*d - 5*a + 3. Let j be ((-2)/d)/(11/2156). Let o = j + 145. List the prime factors of o.
47
Let i(q) = q**3 + 9*q**2 + 7*q - 4. Let n be i(-9). Suppose 3*o - 3*z + 19 = 307, 2*o + 4*z = 180. Let u = n + o. What are the prime factors of u?
3
Let x = -2424 - -3679. What are the prime factors of x?
5, 251
Let w = 1544 + -976. What are the prime factors of w?
2, 71
Suppose 0 = -2*g + 4*q + 6585 + 4187, -21533 = -4*g - 3*q. What are the prime factors of g?
2, 673
Suppose -5*y = 71 + 54. Let g be 2*2*y/(-20). Let o(j) = -j**2 + 10*j - 3. What are the prime factors of o(g)?
2, 11
Suppose 12*u + 2*u - 42 = 0. Suppose u*i - 635 = -5*d - 135, -816 = -5*i - 4*d. List the prime factors of i.
2, 5
Suppose 3*r - 40 = 20. Suppose -5*q = r, 2*q - q = -4*c + 452. List the prime factors of (-2)/1*c/(-12).
19
Let u be (-4)/(-10) - (-12)/20. List the prime factors of (u/(-3)*14)/(2/(-30)).
2, 5, 7
Suppose -5*a + i = -24, 0 = a + 3*i - 6*i - 16. Suppose -2*g + 39 = -3*l, -2*g + 0*l + 45 = 3*l. Suppose y + g = a*y. What are the prime factors of y?
7
Let y = -414 - -1348. List the prime factors of y.
2, 467
Suppose -3*y = -0*y + 6. Let b(m) = -13*m - 4. Let g(d) = -d. Let u(i) = b(i) + 2*g(i). List the prime factors of u(y).
2, 13
What are the prime factors of (-199 + 197)/(1 - 9258/9254)?
7, 661
Suppose g + 0 = 2*x - 14, 2*x - 14 = -g. Suppose -11*n = -x*n - 588. List the prime factors of n.
3, 7
Suppose 0 = -167*x + 177*x - 19880. List the prime factors of x.
2, 7, 71
Let a = 25 + -20. Suppose a*r - 717 = p + 2*p, 0 = r - 5*p - 161. What are the prime factors of r?
3, 47
Let h(r) = -r**3 + 20*r**2 - 18*r + 21. Suppose -4*d = -6*d + 6. Suppose -4*k + 80 = c, 0*k - 5*c = d*k - 77. List the prime factors of h(k).
2, 5
Let v(b) be the second derivative of -5*b**3/2 + b**2/2 - 2*b. Let j = 24 + -25. List the prime factors of v(j).
2
Suppose 0 = 24*j - 36911 - 102577. What are the prime factors of j?
2, 1453
Suppose 0 = 4*b - 4*a, 0*a = -3*b - 3*a + 6. Suppose -31 + b = 3*j. What are the prime factors of (-11 - j)/(1/(-25))?
5
Let q(g) = 16*g - 75. Let n(i) = -3*i + 15. Let j(r) = 11*n(r) + 2*q(r). Let o be j(11). Suppose -2*w = m, 4*m = w + o*w + 26. What are the prime factors of m?
2
Suppose 3*l - 3*b - 24 + 0 = 0, 0 = -4*l - 3*b + 46. Let y = l + 12. What are the prime factors of y?
2, 11
Suppose 0 = 3*s - 12, 4*u + s - 25 = u. Let t(q) = -q**2 + 7*q + 6. Let c be t(u). Let a(b) = b**2 - 3*b + 8. List the prime factors of a(c).
2, 13
Suppose -3*o + 8*o + 30 = 0. Let y = o + 5. Let p = y + 7. What are the prime factors of p?
2, 3
Let u(v) = -3*v**3 - 4. Let o(l) = l - 20. Let y be o(16). What are the prime factors of u(y)?
2, 47
Let b(j) = -3*j + 13. Suppose -7*t = -5*t - 8. Let m be b(t). Let q = m + 1. What are the prime factors of q?
2
Suppose -14 = -5*b + 2*j, -4*b + 9 = -3*j + 2. List the prime factors of (b - (4 - 87)) + -1.
2, 43
Suppose 0*q = 4*q - 760. Suppose -2*a + a = -5, 0 = -h + 2*a - q. What are the prime factors of ((-2)/5)/(6/h)?
2, 3
Let t(z) = 4025*z**2 - z + 2. What are the prime factors of t(1)?
2, 3, 11, 61
Let u(v) = v**3 - 3*v**2 - 2*v + 6. Let q be u(3). Suppose w = 5*z - q*z + 138, -z = w - 168. List the prime factors of w.
163
Let r(j) = -5*j + 7. Let v be 120/16*4/(-3). Let a be r(v). Suppose -16*z = -19*z + a. What are the prime factors of z?
19
Let q = -21 - -11. Let h(p) = -p**2 - 10*p + 2. Let z be h(q). Suppose -5*w - 6*r + 107 = -4*r, -z*w = -3*r - 58. List the prime factors of w.
23
Let m be (11 - 8)*(-28)/(-6). Suppose 2*o - 4*z = 6, -5*o + 1 = -5*z - m. Suppose 3*a = r - 10, o*r - r - 75 = -5*a. What are the prime factors of r?
5
Let t be (1 - 1)/(-3) - -1 - -2. Suppose 3*n + 2*c - 214 = 151, 0 = 5*n + t*c - 608. List the prime factors of n.
11
Let q = 121 + -73. Suppose -3*y + y + q = 0. What are the prime factors of y?
2, 3
Let h(u) = -u**3 + 14*u**2 - u + 14. What are the prime factors of h(10)?
2, 101
List the prime factors of (-23520)/(-104) - (-1 - 45/(-39)).
2, 113
Let q = 1341 + -76. What are the prime factors of q?
5, 11, 23
Let q = 42 + 110. Let z be q/36 - 8/36. Suppose -3*g - x + 3 = -3*x, -12 = -z*x. List the prime factors of g.
3
Suppose -3*i - 48 = 2*o, 15 = -4*o - o. Let s be i/3*(-36)/14. Suppose 0*y - s = -y. List the prime factors of y.
2, 3
Let i = -5 + 0. Let y = -2 - i. List the prime factors of 21/14*58/y.
29
Let q = 8 + -6. Let r be ((-195)/6)/(q/(-4)). Suppose -10 = 5*f, 3*f + r = 5*u - 2*f. What are the prime factors of u?
11
Let d(k) = -k**3 - k**2 + 225. Let i be d(0). Let h = -97 + i. Suppose -h = 3*q - 7*q. List the prime factors of q.
2
Suppose 33 = -5*t + 48. Suppose 16 = 4*g, -t*v + 3*g + 413 = -g. List the prime factors of v.
11, 13
Let p(f) = f**2 - f - 1. Let h be p(-2). Suppose -h*m - 5*x + 435 = 0, 2*x + 400 = 3*m + 2*m. List the prime factors of m.
2, 41
Suppose 22 = 2*f + l, -4*l = -f - 6 - 1. Suppose -11*y + 18 = -8*y. List the prime factors of ((-16)/(-6))/(y/f).
2
List the prime factors of 13/(-3) + 13/39 + 81.
7, 11
Let u(s) = -3*s**3 + 2*s**2 + 3*s + 1. Let p be u(-2). Suppose -4*c = -c - p. Let g = 42 - c. What are the prime factors of g?
3, 11
Let a(h) = -h**2 - 11*h + 2. Let o be a(-12). What are the prime factors of 343/5 + 6/o?
2, 17
Let k be 5 - 9 - -2*6. What are the prime factors of 16/3*42/k?
2, 7
Suppose -12*b + 4 = -10*b. Suppose 0 = -2*h - b*k + 114, 5*h + k - 2*k - 291 = 0. What are the prime factors of (4 + -4 + 1)*h?
2, 29
List the prime factors of 1 + 3 + 2544/8.
2, 7, 23
Suppose 0*z - 8 = -p - z, -5*p + 30 = 3*z. Suppose 3*c + p*x - 189 = 0, 2*x = -2*x - 4. List the prime factors of c.
2
Let i(l) = -l**3 + 5*l**2 + 6*l + 4. Let j be i(5). Suppose x + x - j = 0. List the prime factors of x.
17
Let m = -759 + 2150. What are the prime factors of m?
13, 107
Let k be ((-1 - 2) + 6)*53. Let b be k/(-33) - 4/22. Let a(q) = q**3 + 5*q**2 - 8*q + 4. List the prime factors of a(b).
2, 11
Let g(d) = 11*d**3 + 3*d**2 + d - 3. Let n be g(2). Let p = n + -19. List the prime factors of p.
2, 5
Let j = 9 - 5. Let n be ((-24)/j)/(-2) + 2. What are the prime factors of 0 + 2 + 0/n?
2
Let u(i) = 74*i + 197. List the prime factors of u(10).
937
Let k(a) = -a + 2. Let d(y) = y - 3. Let q(t) = -5*d(t) - 6*k(t). Let i be q(7). Suppose -30 = -5*l + i. List the prime factors of l.
2
Suppose -6*d - 40 = -5*d. Let z be (d/(-10))/(2*1). List the prime factors of 18/(z*(-2)/(-4)).
2, 3
Let m = -19 + 9. Let v = -8 - -43. Let s = v + m. List the prime factors of s.
5
Let n be ((-3)/(-2))/(3/8). Let h be 2/n*(-41 + -5). Let v = 5 - h. What are the prime factors of v?
2, 7
Let s = -1075 + 1474. List the prime factors of s.
3, 7, 19
Let l = -13 - -16. Suppose 0 = -l*q + 5*z + 4, -5*q + 4*z + 0 + 11 = 0. List the prime factors of 35*2/(-1 + q).
5, 7
Let r(o) be the second derivative of o**4/12 + 11*o**3/6 + o. Let c be r(-11). Let h = 18 - c. List the prime factors of h.
2, 3
Let f be (3/6)/((-1)/2). Let n(o) = -1 - 7*o - 2 + 4. List the prime factors of n(f).
2
Suppose h + 12 = -o + 4*h, -o = 5*h - 20. Suppose o = 2*t + 4*n - 242, 496 = 4*t + 6*n - n. What are the prime factors of t?
3, 43
What are the prime factors of 5429/5 - 3/(-15)?
2, 3, 181
Suppose 0 = -4*i - 5*m - 88, -2*m + 6*m - 151 = 5*i. Let h = 21 - i. List the prime factors of h.
2, 3
Let b be (-2 - (-2 - 1)) + 1. Let q = b + 0. What are the prime factors of q/6 - (-44)/3?
3, 5
Let w = 687 + 449. What are the prime factors of w?
2, 71
Let k(s) = 24*s - 25. Let v(y) = -24*y + 24. Let f(j) = 4*k(j) + 3*v(j). What are the prime factors of f(11)?
2, 59
Let k be ((-6)/(-4))/((-9)/(-12)) + 6. Let o(u) = -u**3 + 8*u**2 + 3*u + 3. List the prime factors of o(k).
3
What are the prime factors of 17142/42 + 0 - (-2)/(-14)?
2, 3, 17
List the prime factors of (4386/(-9))/((-18)/108).
2, 17, 43
Suppose -209 = -3*f + 1660. Suppose 2*d - 4*r = 586, 2*d + 39 - f = 2*r. List the prime factors of d.
3, 97
Let s = 329 + 217. List the prime factors of s.
2, 3, 7, 13
Suppose 0*y - y = 0. Suppose y = f - 19 - 8. Suppose 5 = 3*n + c, -5*n + 0*n = -3*c - f. What are the prime factors of n?
3
Let l(a) = 11*a + 13. Let k(b) = b**2 +